{"id":83,"date":"2024-04-11T17:06:52","date_gmt":"2024-04-11T17:06:52","guid":{"rendered":"http:\/\/www.travelndiveworld.com\/?page_id=83"},"modified":"2026-04-14T16:42:44","modified_gmt":"2026-04-14T16:42:44","slug":"sharm-el-sheikh","status":"publish","type":"page","link":"http:\/\/www.travelndiveworld.com\/?page_id=83","title":{"rendered":"SHARM EL SHEIKH\/EGYPT"},"content":{"rendered":"\n<p><strong>&#8220;D\u00fcnyan\u0131n En B\u00fcy\u00fck A\u00e7\u0131k Akvaryumu&#8221;<\/strong><\/p>\n\n\n\n<figure class=\"wp-block-gallery has-nested-images columns-default is-cropped wp-block-gallery-1 is-layout-flex wp-block-gallery-is-layout-flex\">\n<figure class=\"wp-block-image size-large\"><img loading=\"lazy\" decoding=\"async\" width=\"1024\" height=\"768\" data-id=\"87\" src=\"http:\/\/www.travelndiveworld.com\/wp-content\/uploads\/2024\/04\/IMG_0064-1024x768.jpg\" alt=\"\" class=\"wp-image-87\" srcset=\"http:\/\/www.travelndiveworld.com\/wp-content\/uploads\/2024\/04\/IMG_0064-1024x768.jpg 1024w, http:\/\/www.travelndiveworld.com\/wp-content\/uploads\/2024\/04\/IMG_0064-300x225.jpg 300w, http:\/\/www.travelndiveworld.com\/wp-content\/uploads\/2024\/04\/IMG_0064-768x576.jpg 768w, http:\/\/www.travelndiveworld.com\/wp-content\/uploads\/2024\/04\/IMG_0064-1536x1152.jpg 1536w, http:\/\/www.travelndiveworld.com\/wp-content\/uploads\/2024\/04\/IMG_0064-2048x1536.jpg 2048w, http:\/\/www.travelndiveworld.com\/wp-content\/uploads\/2024\/04\/IMG_0064-80x60.jpg 80w\" sizes=\"(max-width: 1024px) 100vw, 1024px\" \/><\/figure>\n<\/figure>\n\n\n\n<p>K\u0131z\u0131ldeniz sualt\u0131 severler i\u00e7in tam bir r\u00fcya&#8230; <\/p>\n\n\n\n<p>Bir yanda \u00e7\u00f6l bir yanda d\u00fcnyan\u0131n en iyi sualt\u0131na sahip K\u0131z\u0131ldeniz. M\u0131s\u0131r&#8217;a ilk ad\u0131m att\u0131\u011f\u0131n\u0131zda hissedece\u011finiz duygular bu.<\/p>\n\n\n\n<p>Ke\u015ffedilmeyi bekleyen \u00e7\u00f6ller denizler&#8230;<\/p>\n\n\n\n<p>Etraf\u0131n\u0131zda y\u00fczlerce bal\u0131k \u00e7e\u015fidi, e\u015fsiz berrak bir sualt\u0131 ve mercan kayal\u0131klar\u0131&#8230; Unutulmaz bir sualt\u0131 deneyimi olaca\u011f\u0131na emin olabilirsiniz.<\/p>\n\n\n\n<p><strong>Sharm El Sheikh<\/strong> <strong>Nerededir?<\/strong><\/p>\n\n\n\n<p>M\u0131s\u0131r&#8217;\u0131n g\u00fcney Sina Yar\u0131madas\u0131&#8217;n\u0131n ucunda K\u0131z\u0131ldeniz b\u00f6lgesinde bulunur. Tiran Adas\u0131 ve Akabe K\u00f6rfezi\u2019nin de g\u00fcney sahili aras\u0131nda bulunmaktad\u0131r.<\/p>\n\n\n\n<p><strong>Sharm El Sheikh&#8217;e Nas\u0131l Gidilir?<\/strong><\/p>\n\n\n\n<p>T\u00fcrkiye&#8217;den Pegasus ve T\u00fcrk Havayollar\u0131n\u0131n her g\u00fcn direkt u\u00e7u\u015flar\u0131 bulunuyor. U\u00e7u\u015f s\u00fcresi 2 saat 40 dakikad\u0131r.<\/p>\n\n\n\n<p><strong>Sharm El Sheikh Vize<\/strong><\/p>\n\n\n\n<p>Sharm El Sheikh, T\u00fcrk vatanda\u015flar\u0131 i\u00e7in 90 g\u00fcne kadar kap\u0131 vizesi uygulamas\u0131 sunmaktad\u0131r. Ancak vize prosed\u00fcr\u00fcnde s\u00fcrekli yenilemeler mevcuttur. Gitmeden \u00f6nce mutlaka konsoloslu\u011fu aray\u0131n\u0131z. <\/p>\n\n\n\n<p>M\u0131s\u0131r Konsoloslu\u011fu ileti\u015fim bilgileri: Tel: 02123242133 E-Mail:visa.egypt.istanbul@gmail.com<\/p>\n\n\n\n<p>Adres: Bebek mah. Cevdet Pa\u015fa cad. No:12 Be\u015fikta\u015f\/\u0130stanbul<\/p>\n\n\n\n<p><strong>Sharm El Sheikh Para Birimi<\/strong><\/p>\n\n\n\n<figure class=\"wp-block-gallery has-nested-images columns-default is-cropped wp-block-gallery-2 is-layout-flex wp-block-gallery-is-layout-flex\">\n<figure class=\"wp-block-image size-large\"><img loading=\"lazy\" decoding=\"async\" width=\"700\" height=\"313\" data-id=\"114\" src=\"http:\/\/www.travelndiveworld.com\/wp-content\/uploads\/2024\/04\/EGP_200_Pounds_Apr_2007_Back.jpg\" alt=\"\" class=\"wp-image-114\" srcset=\"http:\/\/www.travelndiveworld.com\/wp-content\/uploads\/2024\/04\/EGP_200_Pounds_Apr_2007_Back.jpg 700w, http:\/\/www.travelndiveworld.com\/wp-content\/uploads\/2024\/04\/EGP_200_Pounds_Apr_2007_Back-300x134.jpg 300w, http:\/\/www.travelndiveworld.com\/wp-content\/uploads\/2024\/04\/EGP_200_Pounds_Apr_2007_Back-134x60.jpg 134w\" sizes=\"(max-width: 700px) 100vw, 700px\" \/><\/figure>\n<\/figure>\n\n\n\n<p>M\u0131s\u0131r&#8217;\u0131n para birimi: Pound veya Lira&#8217;d\u0131r. \u00a0(EGP)<\/p>\n\n\n\n<p>EGP: Egyptian Pound<\/p>\n\n\n\n<p>100 EGP yakla\u015f\u0131k 68 TL&#8217;dir. <\/p>\n\n\n\n<p><strong>Sharm El Sheikh Saat Fark\u0131<\/strong><\/p>\n\n\n\n<p>M\u0131s\u0131r, T\u00fcrkiye saatine g\u00f6re 1 saat geridedir.<\/p>\n\n\n\n<p><strong>Sharm El Sheikh\/M\u0131s\u0131r Din<\/strong><\/p>\n\n\n\n<p><strong>Sharm El Sheikh\/M\u0131s\u0131r Tarihi<\/strong><\/p>\n\n\n\n<p>Arabistan yar\u0131madas\u0131\u2019ndan M\u0131s\u0131r\u2019a uzanan Sharm El Sheikh Sina Yar\u0131madas\u0131\u2019nda bulunmaktad\u0131r. Osmanl\u0131 d\u00f6neminde \u015earm-\u00fc\u015f \u015eeyh olarak bilinen Sharm El Sheikh stratejik konumu nedeniyle 1967 y\u0131l\u0131nda ki Arap-\u0130srail sava\u015f\u0131 s\u0131ras\u0131nda \u0130srail taraf\u0131ndan askeri ama\u00e7la kurulmu\u015ftur. 25 y\u0131l boyunca M\u0131s\u0131r\u2019dan izole edilmi\u015f bir kent olan Sharm El Sheikh 1980 li y\u0131llarda \u00f6zel turizm planlar\u0131 ile geli\u015fmeye ba\u015flam\u0131\u015ft\u0131r. Daima \u201cbar\u0131\u015f\u0131n kenti\u201d olarak adland\u0131r\u0131l\u0131r.<\/p>\n\n\n\n<p><strong>Sharm El Sheikh\/M\u0131s\u0131r Dil<\/strong><\/p>\n\n\n\n<p>Resmi dili arap\u00e7ad\u0131r. Ancak turistik yerlerde neredeyse herkes ingilizce konu\u015fmaktad\u0131r.<\/p>\n\n\n\n<p><strong>Ne Zaman Gidilmeli?<\/strong><\/p>\n\n\n\n<p>M\u0131s\u0131r&#8217;a gitmek i\u00e7in en g\u00fczel aylar Nisan-may\u0131s, eyl\u00fcl-ekim-kas\u0131m aylar\u0131d\u0131r. Bu zamanlarda a\u015f\u0131r\u0131 s\u0131cak olmad\u0131\u011f\u0131 i\u00e7in keyifle tatil yapabilirsiniz.<\/p>\n\n\n\n<p><strong>Sharm El Sheikh Al\u0131\u015fveri\u015f<\/strong><\/p>\n\n\n\n<p>Al\u0131\u015fveri\u015f i\u00e7in Naama bay ve Old market en iyi se\u00e7eneklerdir. Old market\u2019in fiyatlar\u0131 biraz daha d\u00fc\u015f\u00fckt\u00fcr. Mutlaka ama mutlaka ger\u00e7ek bir pazarl\u0131k yapman\u0131z\u0131 tavsiye ederim genelde size s\u00f6ylenen fiyat\u0131n en k\u00f6t\u00fc yar\u0131s\u0131na alabilirsiniz. Pazarl\u0131k yetene\u011finiz iyiyse yar\u0131s\u0131ndan da ucuza alman\u0131z m\u00fcmk\u00fcn. Deniz temal\u0131 T.shirtler, binbir \u00e7e\u015fit baharatlar, ah\u015fap oyma objeler, ger\u00e7ek mercan kolyeler en pop\u00fcler al\u0131\u015fveri\u015f objeleridir. <\/p>\n\n\n\n<p><strong>Sharm El Sheikh Yeme-\u0130\u00e7me<\/strong><\/p>\n\n\n\n<p>M\u0131s\u0131r&#8217;\u0131n yemekleri olduk\u00e7a baharatl\u0131. <\/p>\n\n\n\n<p><em><strong>En \u0130yi Restaurantlar\u0131<\/strong><\/em><\/p>\n\n\n\n<p>Fares Restaurant<\/p>\n\n\n\n<p><\/p>\n\n\n\n<p>Melodi Restaurant<\/p>\n\n\n\n<p>Hard Rock Cafe\/Naama Bay<\/p>\n\n\n\n<p><strong>Sharm El Sheikh Dal\u0131\u015f<\/strong><\/p>\n\n\n\n<p><strong>Mutlaka Yap\u0131n<\/strong><\/p>\n\n\n\n<p>-T\u00fcpl\u00fc Dal\u0131\u015f\/\u015enorkel ile y\u00fczme<\/p>\n\n\n\n<p>-Ras Mohammed &#8220;White Island&#8221; Turu<\/p>\n\n\n\n<p>-\u00c7\u00f6lde ATV Safari<\/p>\n\n\n\n<p>-G\u00fcn\u00fcbirlik Kahire Turu<\/p>\n\n\n\n<p>-Ghibli Go-Kart<\/p>\n\n\n\n<p><strong>Sharm El Sheikh\/M\u0131s\u0131r Gezilecek Yerler<\/strong><\/p>\n\n\n\n<p>Naama Bay<\/p>\n\n\n\n<p>Old Market( Eski Naama Bay)<\/p>\n\n\n\n<p>Al Mustafa Camii<\/p>\n\n\n\n<p>Soho Square Avm<\/p>\n\n\n\n<p><\/p>\n","protected":false},"excerpt":{"rendered":"<p>&#8220;D\u00fcnyan\u0131n En B\u00fcy\u00fck A\u00e7\u0131k Akvaryumu&#8221; K\u0131z\u0131ldeniz sualt\u0131 severler i\u00e7in tam bir r\u00fcya&#8230; Bir yanda \u00e7\u00f6l bir yanda d\u00fcnyan\u0131n en iyi sualt\u0131na sahip K\u0131z\u0131ldeniz. M\u0131s\u0131r&#8217;a ilk ad\u0131m att\u0131\u011f\u0131n\u0131zda hissedece\u011finiz duygular bu. Ke\u015ffedilmeyi bekleyen \u00e7\u00f6ller denizler&#8230; Etraf\u0131n\u0131zda y\u00fczlerce bal\u0131k \u00e7e\u015fidi, e\u015fsiz berrak bir sualt\u0131 ve mercan kayal\u0131klar\u0131&#8230; Unutulmaz bir sualt\u0131 deneyimi olaca\u011f\u0131na emin olabilirsiniz. Sharm El Sheikh &hellip; <\/p>\n","protected":false},"author":1,"featured_media":0,"parent":18,"menu_order":1,"comment_status":"closed","ping_status":"closed","template":"","meta":{"footnotes":""},"_links":{"self":[{"href":"http:\/\/www.travelndiveworld.com\/index.php?rest_route=\/wp\/v2\/pages\/83"}],"collection":[{"href":"http:\/\/www.travelndiveworld.com\/index.php?rest_route=\/wp\/v2\/pages"}],"about":[{"href":"http:\/\/www.travelndiveworld.com\/index.php?rest_route=\/wp\/v2\/types\/page"}],"author":[{"embeddable":true,"href":"http:\/\/www.travelndiveworld.com\/index.php?rest_route=\/wp\/v2\/users\/1"}],"replies":[{"embeddable":true,"href":"http:\/\/www.travelndiveworld.com\/index.php?rest_route=%2Fwp%2Fv2%2Fcomments&post=83"}],"version-history":[{"count":24,"href":"http:\/\/www.travelndiveworld.com\/index.php?rest_route=\/wp\/v2\/pages\/83\/revisions"}],"predecessor-version":[{"id":489,"href":"http:\/\/www.travelndiveworld.com\/index.php?rest_route=\/wp\/v2\/pages\/83\/revisions\/489"}],"up":[{"embeddable":true,"href":"http:\/\/www.travelndiveworld.com\/index.php?rest_route=\/wp\/v2\/pages\/18"}],"wp:attachment":[{"href":"http:\/\/www.travelndiveworld.com\/index.php?rest_route=%2Fwp%2Fv2%2Fmedia&parent=83"}],"curies":[{"name":"wp","href":"https:\/\/api.w.org\/{rel}","templated":true}]}}